/2*m**2 + 1/6*m**3 - m. Calculate r(x).
12
Suppose 0 = -2*q + 5*n - 187, -2*q - n + 3*n = 184. Let v be (-2 - 18/(-14)) + 26/q. Let a(z) = -5*z. Give a(v).
5
Let v = 9 + -7. Suppose 0 = x - 6*x + v*p + 10, 2*p = 0. Let n(j) = j + 2*j**x - j**2 + 0*j**2 + 0*j. Determine n(1).
2
Suppose 4*s = 2*z - 14, -z = -5*z - 4*s + 4. Let m(g) = 1 + 7*g**z + 0*g**3 - 10*g**3 + 7*g**3. Calculate m(1).
5
Suppose -2*q = 9*q + 22. Let b(i) = i**3 + i**2 + 2*i - 1. Calculate b(q).
-9
Suppose 2*r - 8*d - 39 = -3*d, -16 = -3*r - d. Let h(s) = -s - 8 + r + 16. Calculate h(0).
15
Let b = -144 - -98. Let y be (4*1)/(b/(-23)). Let q(x) = -5*x - 1 + 1. Calculate q(y).
-10
Suppose 0 = -7*t + 76 + 22. Let y(s) = 6 - 16*s + 5 + t*s. Let p(n) = -n + 5. Let u(q) = -7*p(q) + 3*y(q). Calculate u(-7).
-9
Let u(r) = r**2 + 6. Let o be 63/(-3)*2/(-6). What is u(o)?
55
Let x(b) = -4*b**3 + 3*b**3 - b - 4*b**2 + 3 + 4*b. Let l be ((-6)/(-9) - 0)/((-4)/30). Determine x(l).
13
Suppose 0 = -17*h - 10*h - 162. Let r(q) = -q**3 - 6*q**2 + 4. Determine r(h).
4
Let c(q) = -2*q**2 - 28*q - 71. Let u be c(-3). Let g(n) = 2*n**2 + 12*n + 4. Determine g(u).
-6
Suppose -29*p = -62 + 294. Let b(m) = m**2 + 8*m - 9. Calculate b(p).
-9
Let g(v) = v**3 + 7*v**2 - 4*v - 3. Let a(q) = -q**3 + 4*q**2 - 2*q + 1. Let c be a(2). Suppose 3*r + 20 = -5*t - 2*r, 0 = -t + c*r - 22. Determine g(t).
25
Let u(c) = c**2 - 17*c + 18. Suppose 87*d = 83*d + 64. Determine u(d).
2
Let i(v) = -2*v**2 - 19*v + 23. Let s(j) = -j**2 - 9*j + 9. Let z(d) = -3*i(d) + 7*s(d). What is z(-6)?
-6
Let g(x) = -9*x + 7*x + 4*x - 8 + 0*x + x. Calculate g(0).
-8
Suppose -a = 3*a - 8. Let c(u) be the third derivative of u**5/30 - u**3/3 - 5*u**2. Determine c(a).
6
Let o(b) = -b**3 + 3*b**2 + 2*b + 2. Let t(q) = -2*q**3 + 5*q**2 + 5*q + 4. Let m(y) = -7*o(y) + 3*t(y). Calculate m(6).
4
Let u(d) = -9*d**2 - 10*d - 7. Let q(a) = 32*a**2 + 30*a + 20. Let h(n) = 2*q(n) + 7*u(n). Give h(11).
2
Let c(o) be the third derivative of -o**4/24 - o**3/6 - o**2 - 2. Give c(-1).
0
Let g(l) = 2 + 3 - 1 - 3. Let s(a) = -a**3 - 6*a**2 - 5*a + 4. Let u(p) = 3*g(p) + s(p). Let n(m) = -m**2 + 8*m + 28. Let y be n(11). Determine u(y).
7
Let x(m) be the second derivative of m**3 + m**2 - 2*m + 299. What is x(-9)?
-52
Suppose 3*u + 9 - 24 = 0. Let j(c) = 2*c**3 - 4*c**2 - 7*c + 2. Suppose -2 = -4*r + 2*r. Let g(z) = z**3 - z. Let l(p) = r*j(p) - g(p). Give l(u).
-3
Suppose 2*p - 3 = 1. Let z(l) = 0*l**2 - p*l**2 + l - 3*l. Let t(i) = i**2 - 12*i + 33. Let d be t(6). What is z(d)?
-12
Let l(b) = b**3 - b**2 + 2*b + 4. Suppose 0 = 4*z, g - 3*z = 3*g. Determine l(g).
4
Let q(l) = -2*l - 6. Let t be q(-5). Let p(h) = 0 + 3*h - t*h + 1. Suppose 0 = 5*a + 4*c + 33, c = -2*a - 4*c - 20. Give p(a).
6
Let r(z) = z**2 - 6*z + 6. Suppose 2*a - 6 = 0, -4*a - 84 = -5*h - 31. Let c = h - 1. Suppose -3*n = -c - 3. What is r(n)?
1
Let h(z) = -z**2 - 11*z - 8. Suppose -2*m = -6*m + 20. Let p be (-2)/m - 96/10. What is h(p)?
2
Let b(f) = -4*f - 2*f - f**3 - 2*f**2 + 4 + 7*f**2. Suppose 17*r - 16 = 15*r. Suppose -r = -3*z + z. Determine b(z).
-4
Suppose -4*i - 7 = -3*z, 3*z + 21 = 3*i + 6*z. Let b(a) = a - 3. Let v(m) = 1. Let h(f) = b(f) + 4*v(f). What is h(i)?
3
Suppose -6*k - 35 = 1. Let i(o) = 2*o**2 - 7*o - 1. Let b be (3 + -4)/((-3)/15). Let f(w) = 3*w**2 - 14*w - 2. Let l(d) = b*i(d) - 3*f(d). Determine l(k).
-5
Let h = 0 - 3. Let g(i) = 283 - i**2 - 138 - 147 + 0*i**2 - 8*i + 5*i. Give g(h).
-2
Let l(x) = 3*x**2 + 3*x. Let h = -30 - -44. Suppose h = s + 16. What is l(s)?
6
Suppose -3*h + s + s - 18 = 0, 5*s = -3*h - 39. Let a(z) = -7*z**2 - 13*z - 4. Let m(d) = -d**2 - d - 1. Let q(y) = -a(y) + 6*m(y). Give q(h).
6
Let s(f) be the second derivative of -f**3/3 + 2*f**2 - 35*f. Determine s(2).
0
Let w(v) = v**3 - 3*v**2 - 7*v + 12. Let u be w(4). Let d(y) be the second derivative of 0*y**3 + 1/2*y**2 + 1/2*y**4 + u + 3*y. Determine d(1).
7
Let h be -5 + 5 - 2/(-1). Let t(g) = -3*g**2 + g**h - 1 - 4*g**2 - 6*g + 5*g**2. What is t(-4)?
7
Let k(w) = 0*w**2 - w**2 - 2*w + w. Let u = 17 - 14. Suppose u*s - 3 = -a, -3*s = 2*s - 3*a - 19. What is k(s)?
-6
Let o(m) = m**2 - 2*m - 1. Let n be o(-1). Let r(u) = -2*u - 2*u**2 + 6*u**2 - 6*u**3 + 1 - 2*u**n. Let t = 4 + -3. What is r(t)?
-5
Suppose 30 = 4*m + 5*v + 4, -v = 3*m - 14. Let f(s) = -s**2 + 6*s - 6. What is f(m)?
2
Let m = -48 + 51. Let b(x) = -5*x + 13. Let n(u) = -14*u + 39. Let y(q) = m*n(q) - 8*b(q). What is y(9)?
-5
Let y(h) = -8*h - 1. Let t = 1 - -2. Let l be 40/(-8) - (0 + t). Let o be -2*4/l*1. Give y(o).
-9
Let d(m) = m + 3. Let f = -9 - -9. Let i be (9 - f/(-3)) + 1. Let g be (i/(-6))/((-3)/(-9)). Give d(g).
-2
Let q(m) = -m**2 - 6*m + 6. Let w(l) = l**2 - 11*l + 33. Let t be w(6). Suppose 9 = -t*k - 9. What is q(k)?
6
Let g(t) = 5*t**2 + 9*t - 2. Let l(h) = -9*h**2 - 17*h + 3. Let i(r) = -7*g(r) - 4*l(r). Let q be i(-3). Let m be -1*q/10*15. Let a(s) = -s - 2. What is a(m)?
-8
Let k(f) = 12*f**2 + 1. Suppose 0 = -x + 2 - 0. Suppose -5*l + 3*c = 2*c, -2*l - 8 = -x*c. Calculate k(l).
13
Let v(g) be the third derivative of -g**4/4 - g**3/3 - 2*g**2 + 49*g. Calculate v(-3).
16
Let c(d) be the first derivative of d**3/3 + 5*d**2/2 - 2*d + 6. Suppose 5*p + 3 = -17. Calculate c(p).
-6
Let f be (-1)/3 + 7/3. Let d = 163 - 161. Let c(h) = -h**2 - 2*h**2 + 2*h**f + d. What is c(-3)?
-7
Let w(v) = -5*v**2 - 7*v - 32. Let s(n) = 14*n**2 + 21*n + 97. Let d(a) = -3*s(a) - 8*w(a). Let r(z) be the first derivative of d(z). Give r(-5).
13
Let k be (-40)/(-6) + 2/(-3). Suppose -p + k = 11. Let f(b) = -2*b + 1. Give f(p).
11
Let x(l) be the second derivative of 0 - 1/4*l**4 - 1/3*l**3 + 0*l**2 - 1/120*l**5 + 7*l. Let o(h) be the second derivative of x(h). Give o(-5).
-1
Suppose p = 3 + 32. Suppose 2*z + 3*z = p. Let q(d) = d**2 - 6*d - 2. What is q(z)?
5
Let g(w) be the first derivative of w**4/2 + w**3/3 - w**2/2 - w - 1. Let v = 2201 + -2203. Determine g(v).
-11
Let h(w) = -7*w + 1. Let p be h(1). Let y(z) be the second derivative of -z**6/720 + 4*z**4/3 + z. Let j(f) be the third derivative of y(f). Determine j(p).
6
Let l(w) = -w. Let x(t) = -t**2 + 7*t - 25. Let a(r) = 3*l(r) - x(r). Let d be a(8). Let m(h) = h - 7. What is m(d)?
2
Let r(g) = g**2 + 4*g + 5. Suppose 42*s = 38*s - 12. What is r(s)?
2
Let y(g) = -2*g**3. Let k be y(1). Let m be (k + 5)*6/18. Let o = 4 - m. Let x(p) = p**2 - 4. Give x(o).
5
Let v(w) = w**2. Let r(d) = -2*d**2 + d - 8. Let b(q) = -r(q) - 3*v(q). Let k be b(-4). Let o(x) = -x**2 - 7*x - 6. Determine o(k).
6
Suppose s - 2*v = 3*v + 29, -11 = -4*s - v. Let k(p) be the second derivative of -5/6*p**3 + 0 + 3/2*p**2 + 7*p - 1/12*p**s. Give k(-5).
3
Let l(j) be the first derivative of -j**4/4 - 2*j**3/3 + j**2 - 3*j - 66. Determine l(-4).
21
Let w(v) = 6*v - 4. Suppose 5*z - 10*b = -6*b - 11, 5*b = 3*z + 17. Calculate w(z).
2
Suppose 0 = -3*x + 18 - 12. Let j(u) = 1 - u + 41*u**2 + 34*u**x - 76*u**2 - 4*u**3. Give j(1).
-5
Let w(r) be the second derivative of r**3/3 + 5*r**2/2 + 3*r - 21. Let b be 6 + (-1)/(1 + 0). Suppose 9 - 29 = b*k. Give w(k).
-3
Let y(u) = u - 16. Let i be 0*(-2)/(-4) + 3. Suppose -i*b + 2*m + 11 = 0, -3*m + 15 = 2*b - 14. Give y(b).
-9
Suppose 5*l + 24 = 9*l. Let c(a) = 0*a**3 + 6*a - 3 - 6*a**3 - 6*a**2 - l*a**3 + 13*a**3. Determine c(4).
-11
Let n = 58 - 56. Let w(i) = -5*i + 4*i + 0*i**2 + i**n - 6*i. Determine w(6).
-6
Suppose 0 = -3*l + 38 + 136. Let g = l + -21. Let p(c) = 2*c - g*c**3 - 3 + 4 + 2*c**2 + 35*c**3. Give p(-1).
3
Suppose 25*a - 15*a = 20. Let g(b) = -b**2 - b + 5. Let p(c) = -2*c**2 - c + 6. Let x(y) = 5*g(y) - 4*p(y). What is x(a)?
11
Let x be (12/(-18))/(2/(-3)). Let u(p) = -x - 12*p + 7*p + 8*p. Determine u(-1).
-4
Let g(c) = -c**3 + 28*c**2 + 31*c - 59. Suppose 0 = -25*w + 610 + 115. Calculate g(w).
-1
Let b(z) = -z**2 + 7*z - 10. Let c be b(5). Suppose c = -33*y + 32*y - 2. Let s(u) = -6*u - 2. What is s(y)?
10
Let n = 88 + -76. Suppose -3*v - n = -7*v. Let b(k) = -k**3 + 3*k**2 - 2*k - 4. What is b(v)?
-10
Let w(d) = -4*d + 5*d - 2 + 4. Let m be (-2)/(-2)*4*10/(-8). What is w(m)?
-3
Let x(m) = -3*m + 2*m**2 - 3*m**2 + 6*m + m. Suppose 2*u - w = 52, 2*w = -u + 3*w + 28. Let i = u - 20. What is x(i)?
0
Let h(j) = 6*j**3 - j**2 - j + 1. Let s be (-